s digit of i?
3
Let x be (-172)/(-60) - (-8)/60. Suppose -3*w = -x - 243. What is the tens digit of w?
8
Suppose -16*y + 31678 = -19394. What is the units digit of y?
2
Let p(w) = 2*w**2 + 8*w + 4. Let c(z) = z**2 - z + 2. Let j be c(3). Let h be 1/(j/10 + -1). What is the tens digit of p(h)?
1
What is the thousands digit of (-5 - 116/12)/((-10)/2370)?
3
Let p(b) = 58*b + 281. What is the thousands digit of p(37)?
2
Let g(y) = 5*y**3 + 13*y**2 - 9*y + 8. Let n(v) = -11*v**3 - 27*v**2 + 19*v - 17. Let c(d) = 9*g(d) + 4*n(d). What is the tens digit of c(-9)?
4
Let u(j) = -11*j**3 + j**2 - 3*j - 23. What is the hundreds digit of u(-7)?
8
Let g = 706 + -129. What is the tens digit of g?
7
Let h be (5/3)/((-3)/(-9)). Suppose 0*s = -5*s + 4*q + 399, -h*q + 269 = 3*s. What is the tens digit of s?
8
Let v = -1141 + 1951. What is the tens digit of v?
1
Let y = -18 - -24. Suppose -126 = -3*j + 5*c, c - 3*c = -y. What is the units digit of j?
7
Let z = 36 + -37. What is the units digit of z/((3/(-25))/3)?
5
Let b be -1 - 0/(-1) - -24. Suppose 0*r = r + 9. Let z = r + b. What is the tens digit of z?
1
Let o = 740 - 177. What is the units digit of o?
3
Let u(t) = 73*t - 522. What is the units digit of u(10)?
8
Let g = 870 - 443. What is the hundreds digit of g?
4
Let t(c) = -c**3 - 20*c**2 + 21*c - 75. What is the tens digit of t(-22)?
3
Let u(k) be the third derivative of -19*k**5/120 + k**4/8 - 11*k**3/6 - 4*k**2. Let v(z) be the first derivative of u(z). What is the units digit of v(-2)?
1
Let t = -1352 + 2814. What is the hundreds digit of t?
4
Let m(t) = t**3 + 73*t**2 + 165*t + 101. What is the hundreds digit of m(-70)?
2
Let k = -203 - -746. What is the tens digit of k?
4
Suppose -3*c = 2*g + 6, 4*g - 8 + 0 = -c. Suppose 0 = n + 3*n + 4*q - 136, 0 = g*n - q - 98. Let w = n - 14. What is the units digit of w?
9
What is the tens digit of (1 - (-8)/(-6))/(109/(-440142))?
4
Let t be (-990)/(-121) + ((-4)/(-22))/(-1). Suppose i = 5*x + 31, -2*x = -2 - t. What is the units digit of i?
6
What is the thousands digit of ((-12)/(-5))/3*(3086 + 94)?
2
Suppose 11 = 2*i - 5*h, 2*h - 6 = -2*i + 6*h. Let b(r) = r**3 + r**2 + 2*r - 4. Let g be b(3). Let m = g + i. What is the units digit of m?
1
Suppose -x + 2*g + 313 = 0, 4*x - 501 = g + 716. What is the units digit of x?
3
Let p be (-16268)/60 + (-2)/(-15). Let n = -30 - p. What is the hundreds digit of n?
2
Let m(b) = 114*b + 109. What is the units digit of m(7)?
7
Suppose 27*g - 13*g = 13762. What is the units digit of g?
3
Let z = 10 + -10. Suppose 5*b - 3*y - 672 + 217 = z, 91 = b - 2*y. What is the units digit of b?
1
Let s = -603 - -1654. What is the units digit of s?
1
Suppose 4*p + 44*k - 45*k = 2450, 0 = 5*p + 4*k - 3052. What is the hundreds digit of p?
6
Let a = -117 - -82. Let c = 52 - a. What is the tens digit of c?
8
Suppose -3*x = -3*n + 6, 0*x = x + n - 4. Suppose x + 14 = 5*o. Suppose -3 + 63 = o*k. What is the tens digit of k?
2
Let a(l) be the first derivative of l**5/60 + l**4/12 - 3*l**3 + 11*l**2/2 - 13. Let r(g) be the second derivative of a(g). What is the tens digit of r(-9)?
4
What is the tens digit of -12 + (4650 + 0)/10?
5
Suppose t - 3*t = -1024. Let i = t - 332. Suppose -5*q = a - 45, -a + i = 3*a + 3*q. What is the tens digit of a?
4
Suppose 17*c = 118 + 137. Suppose 3*v - 52 - 20 = -3*w, -3*v = -15. Let a = w - c. What is the units digit of a?
4
Suppose 76*p + 1640 = 71*p. Let s = -170 - p. What is the hundreds digit of s?
1
Suppose 285*l = 289*l - 1244. What is the units digit of l?
1
Suppose -4*c + 1016 - 4521 = -5*o, -4*c = -4*o + 2800. What is the units digit of o?
5
Let m be 290/6 + (-6)/(-9). Suppose -2*x - 4*h + 56 = 2*x, -2*x + 5*h + m = 0. Suppose -12*u = -x*u + 45. What is the units digit of u?
9
Suppose 49974 = 70*k - 175916. What is the units digit of k?
7
Suppose -8*t + 4549 + 275 = 0. What is the units digit of t?
3
Suppose -v + 502 = -0*v - 5*d, -5*v + 2490 = -5*d. What is the units digit of v?
7
Suppose 425 + 47 = k + 4*h, 5 = -5*h. What is the tens digit of k?
7
Let w(l) = -l - 3. Let n be w(-12). Suppose b = 5*z - n, -5*z + 3*b = 4*b - 11. Suppose x = z*p + 19, -5*p - 6 = 3*x - 52. What is the units digit of x?
7
Suppose -h + 5*p + 1192 = p, 4*h = 3*p + 4716. What is the units digit of h?
6
Let n(y) = y**2 - 9*y - 8. Let g be n(10). Suppose 0 = -2*a - g*x - 0*x + 4, a - 5*x - 2 = 0. What is the units digit of a?
2
Suppose 5 = 2*i - 3. Suppose -4 = 3*g - 1. What is the units digit of 2/(4/i - g)?
1
Let f(t) = -2*t + 1. Let l be f(-2). Suppose l*k - 328 - 162 = 0. What is the tens digit of k?
9
Suppose -25*u + 30*u = 1335. What is the units digit of u?
7
Suppose 21 = 2*v + 5*v. Suppose 2*z = -v*z - 20. What is the units digit of (-3 - z)/(0 + 1)?
1
What is the thousands digit of -16 + 1447 + -3 + 9?
1
Suppose p - 7719 = -5*k, -22*k + 1563 = -21*k + 5*p. What is the thousands digit of k?
1
Suppose 2*u - 16 = -q - 3, -5*q + 5*u = -80. Let w = -69 - -55. Let h = q + w. What is the units digit of h?
1
What is the tens digit of 69 + (-7 - (-18 - -7))?
7
Let c(v) = 131*v - 8. What is the hundreds digit of c(3)?
3
Let q be (3/(-2))/((-7)/(-84)). What is the tens digit of (q/(-7))/(-2 + (-60)/(-28))?
1
Let f(o) = -2*o + 7. Let y be f(-4). Let k(a) = a**3 - 12*a**2 + 12*a. Let w be k(y). What is the units digit of w/65 + (-4)/26?
3
Suppose 4*g = 3*u - 35, 4*u - 7 = 2*g + 23. What is the tens digit of 2/g - ((-1414)/5)/2?
4
Suppose d - 10480 = -7*d. Suppose 41*q - 46*q = -d. What is the units digit of q?
2
What is the units digit of 468/2574 + 59585/11?
7
Suppose 0 = -7*y + 1053 + 1789. Let z = y + -121. What is the tens digit of z?
8
Suppose -8 = -3*o + 4*t, 2*o = 3*o - 3*t - 1. Suppose -1276 = -o*z - 5*j - 480, -962 = -5*z + 2*j. What is the hundreds digit of z?
1
Suppose -2*l + 7 = 3. Let u(j) = j**2 + 11*j + 14. Let o be u(-10). Suppose -5*z + l*z + n + 57 = 0, 3*z - o*n = 57. What is the units digit of z?
9
Let o(s) = -23*s + 4. Let y be o(-5). Let q(w) = -19*w - 20. Let x be q(-7). Suppose -4*z + x = a, z - 5*z = -a - y. What is the units digit of z?
9
Suppose 1760 = -2*b + 7*b. What is the units digit of b?
2
Let i be (3/(-2))/((-9)/18). Suppose -15 = -i*p + p + 3*m, -5*m - 17 = -2*p. Suppose 4*k + 8 = 0, p*o - o + 2*k = 1. What is the units digit of o?
1
What is the tens digit of (0 + 4 + 2)*(-216)/(-16)?
8
Suppose 0*t + 5*t - 4*a - 26 = 0, 5*t + 3*a = -2. Let l be t/13 - (-44)/52. What is the units digit of 2*(0 - l) - -14?
2
Let i = -2129 + 3063. What is the tens digit of i?
3
Let d = 126 + -67. Suppose 5*z = -i + d, 0*i + 4*i = -3*z + 49. What is the tens digit of z?
1
Suppose 17*k = 48562 - 13661. What is the units digit of k?
3
Suppose 0 = -2*c - i + 6*i - 15, -4*c = 5*i - 15. Suppose -f + 3*f - 278 = c. What is the units digit of f?
9
Let h(l) = -4*l - 5. Let c be h(-3). Suppose -c*w + 69 = -155. What is the units digit of (-14)/(-21) + w/6?
6
Let v(b) = -b**2 - 5*b + 3. Let h be v(0). Suppose 0 = 3*s + t - 94, 4*t = h*s - t - 106. What is the units digit of s?
2
Let w(l) = -48*l + 27. What is the tens digit of w(-2)?
2
Let r(v) be the first derivative of -4*v + 1 - 6 - 3 + 2*v**2 + 1. What is the tens digit of r(10)?
3
Suppose 0 = x + 2*x - 5*s - 180, 5*x - 300 = -4*s. Suppose -2*a + 6*a + 132 = 0. Let f = x + a. What is the units digit of f?
7
Let d(l) = 6*l - 14. Let s be d(4). What is the tens digit of s/25 - 256/(-10)?
2
Let p(s) be the third derivative of 0 - 1/2*s**3 - 4*s**2 + 0*s - 1/3*s**4. What is the units digit of p(-1)?
5
Let a(r) be the third derivative of 5*r**4/12 - 3*r**3/2 - 247*r**2. Suppose -3*z = 3*n, -12 + 4 = 2*z + 4*n. What is the units digit of a(z)?
1
Let j = 43 - 39. Suppose -v = -3*v + 10, 3*s - j*v = 16. What is the units digit of s?
2
Let i = 87 + -198. What is the units digit of (-1)/(-4) + i/(-4)?
8
Suppose 0 = -4*d, 0 = 3*s - d - d. Suppose 2*j + 0*w - 68 = -2*w, s = -2*w + 4. What is the units digit of j?
2
Let q = -218 - -513. What is the hundreds digit of q?
2
Suppose -6*y + 9050 = -5002. What is the tens digit of y?
4
Let w be 0 + (-10)/(-4) + 5/10. Let q = w + 82. What is the tens digit of q?
8
Suppose -9*o - 3972 = -10713. What is the hundreds digit of o?
7
Let w = -6 - 6. Let a = 10 - w. What is the units digit of a?